mmon divisor of 4153 and 47.
1
What is the greatest common factor of 5724 and 2748?
12
Calculate the greatest common factor of 107786 and 686.
14
What is the highest common divisor of 130 and 24895?
65
Calculate the highest common divisor of 12208 and 26596.
436
Calculate the highest common factor of 65 and 16003.
13
Calculate the highest common factor of 378 and 29624.
14
Calculate the highest common divisor of 55913 and 1196.
299
Calculate the greatest common divisor of 21723 and 236725.
557
Calculate the highest common divisor of 2106 and 806.
26
Calculate the highest common divisor of 68 and 497930.
34
Calculate the greatest common factor of 93 and 7161.
93
Calculate the highest common divisor of 280 and 10970.
10
What is the greatest common divisor of 102331 and 403?
31
Calculate the greatest common divisor of 81 and 77.
1
What is the highest common factor of 117 and 3825?
9
Calculate the highest common factor of 1740742 and 171.
19
What is the highest common divisor of 28792 and 15128?
488
What is the highest common factor of 9230 and 910?
130
What is the greatest common factor of 75359 and 358?
179
What is the highest common factor of 293382 and 5184?
162
What is the highest common divisor of 206336 and 93?
31
Calculate the highest common divisor of 52975 and 75.
25
What is the highest common divisor of 1752 and 1376634?
438
What is the greatest common divisor of 216 and 92088?
72
What is the highest common divisor of 870 and 7405730?
290
What is the greatest common divisor of 1694 and 2058?
14
What is the highest common divisor of 2346 and 1656?
138
Calculate the greatest common divisor of 1072 and 32.
16
Calculate the highest common factor of 2084 and 124519.
521
Calculate the highest common factor of 64094 and 146.
146
Calculate the greatest common factor of 1008 and 269892.
252
What is the highest common factor of 5597569 and 71?
71
Calculate the greatest common factor of 4069 and 19201.
13
Calculate the greatest common divisor of 51190 and 10.
10
Calculate the highest common divisor of 25 and 41100.
25
What is the greatest common factor of 1539144 and 48?
24
What is the greatest common divisor of 107385 and 15?
15
Calculate the highest common divisor of 8047 and 14183.
13
What is the greatest common divisor of 14 and 2034928?
14
What is the highest common divisor of 220 and 119570?
110
Calculate the highest common factor of 19147 and 3280.
41
Calculate the greatest common factor of 17371 and 53910.
599
What is the highest common divisor of 278644 and 6?
2
What is the greatest common divisor of 327834 and 2808?
702
What is the greatest common factor of 3078 and 1494?
18
Calculate the greatest common divisor of 1052838 and 1072.
134
What is the greatest common factor of 16 and 1355?
1
Calculate the highest common factor of 19035 and 240.
15
Calculate the greatest common divisor of 95553 and 54.
27
Calculate the highest common factor of 124 and 54932.
124
Calculate the greatest common factor of 2912 and 9737.
91
Calculate the greatest common factor of 77 and 8596.
7
What is the highest common factor of 546 and 225218?
14
What is the highest common divisor of 4950 and 70?
10
What is the highest common divisor of 2992 and 867408?
272
What is the greatest common factor of 142661 and 7758?
431
Calculate the highest common divisor of 518 and 182.
14
What is the highest common factor of 588 and 7518?
42
Calculate the highest common factor of 72522 and 108.
54
Calculate the highest common divisor of 1490 and 14006.
298
Calculate the highest common divisor of 4 and 32080.
4
What is the greatest common divisor of 2223 and 439413?
741
What is the highest common divisor of 2542 and 833530?
82
What is the greatest common factor of 2010 and 51858?
402
What is the greatest common factor of 791299 and 801?
89
What is the highest common divisor of 118947 and 155?
31
Calculate the greatest common factor of 86118 and 6482.
926
Calculate the highest common divisor of 323 and 99467.
17
What is the highest common factor of 8869 and 22082?
181
Calculate the greatest common divisor of 2278 and 5899.
17
What is the greatest common divisor of 2300 and 139725?
575
Calculate the greatest common divisor of 700 and 5707450.
350
What is the highest common factor of 16776 and 47998?
466
What is the highest common divisor of 264 and 103092?
132
What is the greatest common factor of 30 and 9777?
3
Calculate the highest common divisor of 184 and 397624.
184
Calculate the highest common divisor of 156 and 5521308.
156
Calculate the greatest common divisor of 759 and 1311.
69
Calculate the highest common divisor of 321594 and 2976.
186
What is the greatest common divisor of 380 and 22700?
20
Calculate the greatest common divisor of 120762 and 1332.
18
What is the greatest common divisor of 221511 and 423?
141
Calculate the greatest common divisor of 22392 and 144.
72
Calculate the greatest common divisor of 3145585 and 885.
295
What is the greatest common divisor of 53218 and 1804?
902
Calculate the highest common factor of 198852 and 1022.
146
What is the highest common factor of 108712 and 8636?
508
What is the greatest common divisor of 6759 and 9?
9
What is the greatest common divisor of 25 and 1246925?
25
What is the highest common factor of 120045 and 1590?
795
Calculate the highest common divisor of 16772 and 3108.
28
What is the greatest common divisor of 117520 and 2080?
1040
Calculate the highest common factor of 35309 and 170.
17
What is the greatest common divisor of 2454 and 185686?
818
Calculate the greatest common factor of 40030 and 10.
10
What is the greatest common divisor of 24 and 21704?
8
What is the greatest common factor of 8833 and 244915?
803
What is the greatest common factor of 189728 and 605?
121
What is the greatest common factor of 1413201 and 57?
57
Calculate the highest common divisor of 4692 and 1632.
204
What is the highest common divisor of 114 and 43038?
6
Calculate the greatest common divisor of 9693014 and 334.
334
What is the greatest common factor of 147 and 10339?
49
What is the highest common divisor of 304 and 1634?
38
Calculate the highest common divisor of 23 and 100809.
23
What is the highest common divisor of 44370 and 340?
170
Calculate the highest common divisor of 45 and 78410.
5
Calculate the highest common divisor of 180 and 9260.
20
What is the greatest common factor of 300 and 1430500?
100
Calculate the highest common factor of 308 and 4543.
77
Calculate the greatest common factor of 48860 and 420.
140
Calculate the greatest common factor of 189645 and 15.
15
What is the greatest common divisor of 4 and 774308?
4
What is the highest common divisor of 8375 and 19765?
335
Calculate the highest common factor of 71950 and 1150.
50
Calculate the greatest common divisor of 10619 and 19803.
287
Calculate the greatest common divisor of 5599 and 847.
11
Calculate the highest common factor of 309396 and 236.
236
What is the greatest common divisor of 3936 and 4428?
492
What is the highest common factor of 425 and 14569?
17
What is the highest common divisor of 916 and 24274?
458
What is the highest common divisor of 26973 and 1813?
37
Calculate the greatest common divisor of 554334 and 363.
33
Calculate the greatest common divisor of 8489025 and 1305.
1305
Calculate the greatest common factor of 508311 and 9.
9
Calculate the greatest common factor of 49 and 483980.
7
What is the greatest common divisor of 583883 and 157?
157
Calculate the highest common factor of 25440 and 840.
120
Calculate the greatest common divisor of 176 and 36496.
16
Calculate the highest common factor of 292115 and 185.
185
Calculate the highest common factor of 377 and 2244281.
377
Calculate the greatest common divisor of 6082 and 2.
2
Calculate the greatest common factor of 422541 and 19.
19
Calculate the greatest common factor of 3853005 and 390.
195
Calculate the greatest common divisor of 3312 and 1368.
72
Calculate the greatest common factor of 15878 and 646.
34
Calculate the greatest common factor of 195 and 985.
5
Calculate the highest common factor of 20150 and 42300.
50
What is the greatest common divisor of 159221 and 623?
89
What is the greatest common divisor of 18 and 2913?
3
Calculate the highest common divisor of 63832 and 2923.
79
